{"id":41,"date":"2011-05-11T19:40:21","date_gmt":"2011-05-11T19:40:21","guid":{"rendered":"http:\/\/www.zoehdesenvolvimento.com.br\/site\/"},"modified":"2011-05-11T19:40:21","modified_gmt":"2011-05-11T19:40:21","slug":"desenvolvimento-de-equipes","status":"publish","type":"page","link":"https:\/\/www.zoehdesenvolvimento.com.br\/site\/servicos\/desenvolvimento-de-equipes\/","title":{"rendered":"Desenvolvimento de Equipes"},"content":{"rendered":"<p>Servi\u00e7o fundamentado nos Indicadores da Equipe Eficaz.<br \/>\nA partir desses Indicadores, s\u00e3o propiciadas condi\u00e7\u00f5es para o desenvolvimento de:<\/p>\n<ul>\n<li>habilidades interpessoais e para conviv\u00eancia em grupo<\/li>\n<li>vis\u00e3o e a\u00e7\u00e3o sist\u00eamicas<\/li>\n<li>relacionamento com clientes \u2013 internos e externos<\/li>\n<\/ul>\n<p>Outros temas podem ser abordados considerando a demanda do cliente.<\/p>\n<p>Modalidade: <em>in company<\/em><\/p>\n","protected":false},"excerpt":{"rendered":"...","protected":false},"author":1,"featured_media":0,"parent":471,"menu_order":1,"comment_status":"closed","ping_status":"closed","template":"","meta":{"footnotes":""},"class_list":["post-41","page","type-page","status-publish","hentry"],"yoast_head":"<!-- This site is optimized with the Yoast SEO plugin v25.2 - https:\/\/yoast.com\/wordpress\/plugins\/seo\/ -->\n<title>Desenvolvimento de Equipes - Zoeh Desenvolvimento de Pessoas<\/title>\n<meta name=\"robots\" content=\"index, follow, max-snippet:-1, max-image-preview:large, max-video-preview:-1\" \/>\n<link rel=\"canonical\" href=\"https:\/\/www.zoehdesenvolvimento.com.br\/site\/servicos\/desenvolvimento-de-equipes\/\" \/>\n<meta property=\"og:locale\" content=\"pt_BR\" \/>\n<meta property=\"og:type\" content=\"article\" \/>\n<meta property=\"og:title\" content=\"Desenvolvimento de Equipes - Zoeh Desenvolvimento de Pessoas\" \/>\n<meta property=\"og:description\" content=\"Servi\u00e7o fundamentado nos Indicadores da Equipe Eficaz. A partir desses Indicadores, s\u00e3o propiciadas condi\u00e7\u00f5es para o desenvolvimento de: habilidades interpessoais e para conviv\u00eancia em grupo vis\u00e3o e a\u00e7\u00e3o sist\u00eamicas relacionamento com clientes \u2013 internos e externos Outros temas podem ser abordados considerando a demanda do cliente. Modalidade: in company\" \/>\n<meta property=\"og:url\" content=\"https:\/\/www.zoehdesenvolvimento.com.br\/site\/servicos\/desenvolvimento-de-equipes\/\" \/>\n<meta property=\"og:site_name\" content=\"Zoeh Desenvolvimento de Pessoas\" \/>\n<meta name=\"twitter:card\" content=\"summary_large_image\" \/>\n<script type=\"application\/ld+json\" class=\"yoast-schema-graph\">{\"@context\":\"https:\/\/schema.org\",\"@graph\":[{\"@type\":\"WebPage\",\"@id\":\"https:\/\/www.zoehdesenvolvimento.com.br\/site\/servicos\/desenvolvimento-de-equipes\/\",\"url\":\"https:\/\/www.zoehdesenvolvimento.com.br\/site\/servicos\/desenvolvimento-de-equipes\/\",\"name\":\"Desenvolvimento de Equipes - Zoeh Desenvolvimento de Pessoas\",\"isPartOf\":{\"@id\":\"http:\/\/www.zoehdesenvolvimento.com.br\/site\/#website\"},\"datePublished\":\"2011-05-11T19:40:21+00:00\",\"breadcrumb\":{\"@id\":\"https:\/\/www.zoehdesenvolvimento.com.br\/site\/servicos\/desenvolvimento-de-equipes\/#breadcrumb\"},\"inLanguage\":\"pt-BR\",\"potentialAction\":[{\"@type\":\"ReadAction\",\"target\":[\"https:\/\/www.zoehdesenvolvimento.com.br\/site\/servicos\/desenvolvimento-de-equipes\/\"]}]},{\"@type\":\"BreadcrumbList\",\"@id\":\"https:\/\/www.zoehdesenvolvimento.com.br\/site\/servicos\/desenvolvimento-de-equipes\/#breadcrumb\",\"itemListElement\":[{\"@type\":\"ListItem\",\"position\":1,\"name\":\"In\u00edcio\",\"item\":\"http:\/\/www.zoehdesenvolvimento.com.br\/site\/\"},{\"@type\":\"ListItem\",\"position\":2,\"name\":\"Servi\u00e7os\",\"item\":\"http:\/\/www.zoehdesenvolvimento.com.br\/site\/servicos\/\"},{\"@type\":\"ListItem\",\"position\":3,\"name\":\"Desenvolvimento de Equipes\"}]},{\"@type\":\"WebSite\",\"@id\":\"http:\/\/www.zoehdesenvolvimento.com.br\/site\/#website\",\"url\":\"http:\/\/www.zoehdesenvolvimento.com.br\/site\/\",\"name\":\"Zoeh Desenvolvimento de Pessoas\",\"description\":\"Desenvolvimento de Pessoas\",\"publisher\":{\"@id\":\"http:\/\/www.zoehdesenvolvimento.com.br\/site\/#organization\"},\"potentialAction\":[{\"@type\":\"SearchAction\",\"target\":{\"@type\":\"EntryPoint\",\"urlTemplate\":\"http:\/\/www.zoehdesenvolvimento.com.br\/site\/?s={search_term_string}\"},\"query-input\":{\"@type\":\"PropertyValueSpecification\",\"valueRequired\":true,\"valueName\":\"search_term_string\"}}],\"inLanguage\":\"pt-BR\"},{\"@type\":\"Organization\",\"@id\":\"http:\/\/www.zoehdesenvolvimento.com.br\/site\/#organization\",\"name\":\"Zoeh Desenvolvimento de Pessoas\",\"url\":\"http:\/\/www.zoehdesenvolvimento.com.br\/site\/\",\"logo\":{\"@type\":\"ImageObject\",\"inLanguage\":\"pt-BR\",\"@id\":\"http:\/\/www.zoehdesenvolvimento.com.br\/site\/#\/schema\/logo\/image\/\",\"url\":\"https:\/\/www.zoehdesenvolvimento.com.br\/site\/wp-content\/uploads\/2015\/10\/footer_logo.png\",\"contentUrl\":\"https:\/\/www.zoehdesenvolvimento.com.br\/site\/wp-content\/uploads\/2015\/10\/footer_logo.png\",\"width\":184,\"height\":120,\"caption\":\"Zoeh Desenvolvimento de Pessoas\"},\"image\":{\"@id\":\"http:\/\/www.zoehdesenvolvimento.com.br\/site\/#\/schema\/logo\/image\/\"}}]}<\/script>\n<!-- \/ Yoast SEO plugin. -->","yoast_head_json":{"title":"Desenvolvimento de Equipes - Zoeh Desenvolvimento de Pessoas","robots":{"index":"index","follow":"follow","max-snippet":"max-snippet:-1","max-image-preview":"max-image-preview:large","max-video-preview":"max-video-preview:-1"},"canonical":"https:\/\/www.zoehdesenvolvimento.com.br\/site\/servicos\/desenvolvimento-de-equipes\/","og_locale":"pt_BR","og_type":"article","og_title":"Desenvolvimento de Equipes - Zoeh Desenvolvimento de Pessoas","og_description":"Servi\u00e7o fundamentado nos Indicadores da Equipe Eficaz. A partir desses Indicadores, s\u00e3o propiciadas condi\u00e7\u00f5es para o desenvolvimento de: habilidades interpessoais e para conviv\u00eancia em grupo vis\u00e3o e a\u00e7\u00e3o sist\u00eamicas relacionamento com clientes \u2013 internos e externos Outros temas podem ser abordados considerando a demanda do cliente. Modalidade: in company","og_url":"https:\/\/www.zoehdesenvolvimento.com.br\/site\/servicos\/desenvolvimento-de-equipes\/","og_site_name":"Zoeh Desenvolvimento de Pessoas","twitter_card":"summary_large_image","schema":{"@context":"https:\/\/schema.org","@graph":[{"@type":"WebPage","@id":"https:\/\/www.zoehdesenvolvimento.com.br\/site\/servicos\/desenvolvimento-de-equipes\/","url":"https:\/\/www.zoehdesenvolvimento.com.br\/site\/servicos\/desenvolvimento-de-equipes\/","name":"Desenvolvimento de Equipes - Zoeh Desenvolvimento de Pessoas","isPartOf":{"@id":"http:\/\/www.zoehdesenvolvimento.com.br\/site\/#website"},"datePublished":"2011-05-11T19:40:21+00:00","breadcrumb":{"@id":"https:\/\/www.zoehdesenvolvimento.com.br\/site\/servicos\/desenvolvimento-de-equipes\/#breadcrumb"},"inLanguage":"pt-BR","potentialAction":[{"@type":"ReadAction","target":["https:\/\/www.zoehdesenvolvimento.com.br\/site\/servicos\/desenvolvimento-de-equipes\/"]}]},{"@type":"BreadcrumbList","@id":"https:\/\/www.zoehdesenvolvimento.com.br\/site\/servicos\/desenvolvimento-de-equipes\/#breadcrumb","itemListElement":[{"@type":"ListItem","position":1,"name":"In\u00edcio","item":"http:\/\/www.zoehdesenvolvimento.com.br\/site\/"},{"@type":"ListItem","position":2,"name":"Servi\u00e7os","item":"http:\/\/www.zoehdesenvolvimento.com.br\/site\/servicos\/"},{"@type":"ListItem","position":3,"name":"Desenvolvimento de Equipes"}]},{"@type":"WebSite","@id":"http:\/\/www.zoehdesenvolvimento.com.br\/site\/#website","url":"http:\/\/www.zoehdesenvolvimento.com.br\/site\/","name":"Zoeh Desenvolvimento de Pessoas","description":"Desenvolvimento de Pessoas","publisher":{"@id":"http:\/\/www.zoehdesenvolvimento.com.br\/site\/#organization"},"potentialAction":[{"@type":"SearchAction","target":{"@type":"EntryPoint","urlTemplate":"http:\/\/www.zoehdesenvolvimento.com.br\/site\/?s={search_term_string}"},"query-input":{"@type":"PropertyValueSpecification","valueRequired":true,"valueName":"search_term_string"}}],"inLanguage":"pt-BR"},{"@type":"Organization","@id":"http:\/\/www.zoehdesenvolvimento.com.br\/site\/#organization","name":"Zoeh Desenvolvimento de Pessoas","url":"http:\/\/www.zoehdesenvolvimento.com.br\/site\/","logo":{"@type":"ImageObject","inLanguage":"pt-BR","@id":"http:\/\/www.zoehdesenvolvimento.com.br\/site\/#\/schema\/logo\/image\/","url":"https:\/\/www.zoehdesenvolvimento.com.br\/site\/wp-content\/uploads\/2015\/10\/footer_logo.png","contentUrl":"https:\/\/www.zoehdesenvolvimento.com.br\/site\/wp-content\/uploads\/2015\/10\/footer_logo.png","width":184,"height":120,"caption":"Zoeh Desenvolvimento de Pessoas"},"image":{"@id":"http:\/\/www.zoehdesenvolvimento.com.br\/site\/#\/schema\/logo\/image\/"}}]}},"jetpack_sharing_enabled":true,"_links":{"self":[{"href":"https:\/\/www.zoehdesenvolvimento.com.br\/site\/wp-json\/wp\/v2\/pages\/41","targetHints":{"allow":["GET"]}}],"collection":[{"href":"https:\/\/www.zoehdesenvolvimento.com.br\/site\/wp-json\/wp\/v2\/pages"}],"about":[{"href":"https:\/\/www.zoehdesenvolvimento.com.br\/site\/wp-json\/wp\/v2\/types\/page"}],"author":[{"embeddable":true,"href":"https:\/\/www.zoehdesenvolvimento.com.br\/site\/wp-json\/wp\/v2\/users\/1"}],"replies":[{"embeddable":true,"href":"https:\/\/www.zoehdesenvolvimento.com.br\/site\/wp-json\/wp\/v2\/comments?post=41"}],"version-history":[{"count":0,"href":"https:\/\/www.zoehdesenvolvimento.com.br\/site\/wp-json\/wp\/v2\/pages\/41\/revisions"}],"up":[{"embeddable":true,"href":"https:\/\/www.zoehdesenvolvimento.com.br\/site\/wp-json\/wp\/v2\/pages\/471"}],"wp:attachment":[{"href":"https:\/\/www.zoehdesenvolvimento.com.br\/site\/wp-json\/wp\/v2\/media?parent=41"}],"curies":[{"name":"wp","href":"https:\/\/api.w.org\/{rel}","templated":true}]}}