{"id":42,"date":"2011-05-11T19:46:42","date_gmt":"2011-05-11T19:46:42","guid":{"rendered":"http:\/\/www.zoehdesenvolvimento.com.br\/site\/"},"modified":"2011-05-11T19:46:42","modified_gmt":"2011-05-11T19:46:42","slug":"coaching","status":"publish","type":"page","link":"https:\/\/www.zoehdesenvolvimento.com.br\/site\/servicos\/coaching\/","title":{"rendered":"Coaching"},"content":{"rendered":"<p>Modalidades de <em>coaching<\/em><\/p>\n<h3><em>Coaching<\/em> Executivo e Empresarial<\/h3>\n<p>Processo de apoio individualizado para o desenvolvimento de compet\u00eancias ou mudan\u00e7as planejadas: a\u00e7\u00e3o destinada a suprir um <em>gap<\/em> de desempenho ou para efetivar um <em>up-grade<\/em> de performance profissional.<\/p>\n<p>Utiliza uma abordagem pragm\u00e1tica, com metas realiz\u00e1veis e mensur\u00e1veis, o que possibilita escolher novas dire\u00e7\u00f5es e adquirir novas habilidades, dentro de um enfoque de aprendizagem ativa.<br \/>\nD\u00e1 suporte ao aprendizado organizacional e contribui para atingir metas empresariais.<\/p>\n<h3><em>Coaching<\/em> de Equipe<\/h3>\n<p>Processo destinado ao fortalecimento de compet\u00eancias da equipe, pap\u00e9is e responsabilidades, para o exerc\u00edcio de atividades profissionais e eleva\u00e7\u00e3o de sua efic\u00e1cia.<\/p>\n<p>Atrav\u00e9s do di\u00e1logo e an\u00e1lise de posicionamentos diante de situa\u00e7\u00f5es-problema do dia-a-dia, seus integrantes t\u00eam a oportunidade de aperfei\u00e7oar sua performance de trabalho individual e coletivo.<\/p>\n<p>Possibilita a amplia\u00e7\u00e3o de comportamentos para lidar com a diversidade de opini\u00f5es, administrar conflitos, desenvolver flexibilidade, resili\u00eancia, inovar, identificar solu\u00e7\u00f5es potenciais que trazem novas perspectivas e a\u00e7\u00f5es diferenciadas na equipe.<\/p>\n<p>Estimula a confian\u00e7a, coopera\u00e7\u00e3o e co-responsabilidade proporcionada pela troca de experi\u00eancias, exposi\u00e7\u00e3o e confronta\u00e7\u00e3o de id\u00e9ias.<\/p>\n<h3><em>Coaching<\/em> de Vida<\/h3>\n<p>Processo que ap\u00f3ia a pessoa na implementa\u00e7\u00e3o de a\u00e7\u00f5es voltadas para a auto-realiza\u00e7\u00e3o, alcance de metas pessoais, alinhadas aos seus valores, miss\u00e3o e prop\u00f3sito de vida.<\/p>\n<p>Contribui para a elabora\u00e7\u00e3o de um plano de desenvolvimento pessoal para incremento e concilia\u00e7\u00e3o de aspectos das diversas \u00e1reas da vida (necessidades, aspira\u00e7\u00f5es, potencial e recursos).<\/p>\n<h3>Listamos a seguir algumas das quest\u00f5es que motivam a busca do <em>coaching<\/em>:<\/h3>\n<ul>\n<li>Expandir o auto-conhecimento e auto-confian\u00e7a<\/li>\n<li>Efic\u00e1cia na comunica\u00e7\u00e3o, posicionamento e assertividade<\/li>\n<li>Gerenciamento de tempo<\/li>\n<li>Insatisfa\u00e7\u00e3o com o emprego\/trabalho atual<\/li>\n<li>Ampliar compet\u00eancias<\/li>\n<li>Ter algu\u00e9m com quem discutir suas dificuldades, d\u00favidas.<\/li>\n<li>Desmotiva\u00e7\u00e3o, estresse, ansiedade aumentada<\/li>\n<li>Apoio para tomada de decis\u00e3o, solu\u00e7\u00e3o de problema<\/li>\n<li>Prepara\u00e7\u00e3o para novos desafios profissionais<\/li>\n<li>Mudan\u00e7a de carreira<\/li>\n<li>Habilidades de lideran\u00e7a<\/li>\n<li>Melhorar o desempenho da organiza\u00e7\u00e3o<\/li>\n<li>Administra\u00e7\u00e3o de conflitos<\/li>\n<li>Gerenciamento de Equipes<\/li>\n<li>Gerenciamento de mudan\u00e7as<\/li>\n<li>Aprimoramento para trabalho em \u201ctime\u201d<\/li>\n<li>Relacionamento com pares e\/ou chefias e\/ou subordinados, clientes\/fornecedores\n<li>Desenvolver vis\u00e3o e a\u00e7\u00e3o sist\u00eamicas<\/li>\n<li>Concilia\u00e7\u00e3o de vida pessoal e familiar (adequa\u00e7\u00e3o tempo\/qualidade)<\/li>\n<\/ul>\n","protected":false},"excerpt":{"rendered":"...","protected":false},"author":1,"featured_media":0,"parent":471,"menu_order":2,"comment_status":"closed","ping_status":"closed","template":"","meta":{"footnotes":""},"class_list":["post-42","page","type-page","status-publish","hentry"],"yoast_head":"<!-- This site is optimized with the Yoast SEO plugin v25.2 - https:\/\/yoast.com\/wordpress\/plugins\/seo\/ -->\n<title>Coaching - Zoeh Desenvolvimento de Pessoas<\/title>\n<meta name=\"robots\" content=\"index, follow, max-snippet:-1, max-image-preview:large, max-video-preview:-1\" \/>\n<link rel=\"canonical\" href=\"http:\/\/www.zoehdesenvolvimento.com.br\/site\/servicos\/coaching\/\" \/>\n<meta property=\"og:locale\" content=\"pt_BR\" \/>\n<meta property=\"og:type\" content=\"article\" \/>\n<meta property=\"og:title\" content=\"Coaching - Zoeh Desenvolvimento de Pessoas\" \/>\n<meta property=\"og:description\" content=\"Modalidades de coaching Coaching Executivo e Empresarial Processo de apoio individualizado para o desenvolvimento de compet\u00eancias ou mudan\u00e7as planejadas: a\u00e7\u00e3o destinada a suprir um gap de desempenho ou para efetivar um up-grade de performance profissional. Utiliza uma abordagem pragm\u00e1tica, com metas realiz\u00e1veis e mensur\u00e1veis, o que possibilita escolher novas dire\u00e7\u00f5es e adquirir novas habilidades, dentro [&hellip;]\" \/>\n<meta property=\"og:url\" content=\"http:\/\/www.zoehdesenvolvimento.com.br\/site\/servicos\/coaching\/\" \/>\n<meta property=\"og:site_name\" content=\"Zoeh Desenvolvimento de Pessoas\" \/>\n<meta name=\"twitter:card\" content=\"summary_large_image\" \/>\n<meta name=\"twitter:label1\" content=\"Est. tempo de leitura\" \/>\n\t<meta name=\"twitter:data1\" content=\"2 minutos\" \/>\n<script type=\"application\/ld+json\" class=\"yoast-schema-graph\">{\"@context\":\"https:\/\/schema.org\",\"@graph\":[{\"@type\":\"WebPage\",\"@id\":\"http:\/\/www.zoehdesenvolvimento.com.br\/site\/servicos\/coaching\/\",\"url\":\"http:\/\/www.zoehdesenvolvimento.com.br\/site\/servicos\/coaching\/\",\"name\":\"Coaching - Zoeh Desenvolvimento de Pessoas\",\"isPartOf\":{\"@id\":\"http:\/\/www.zoehdesenvolvimento.com.br\/site\/#website\"},\"datePublished\":\"2011-05-11T19:46:42+00:00\",\"breadcrumb\":{\"@id\":\"http:\/\/www.zoehdesenvolvimento.com.br\/site\/servicos\/coaching\/#breadcrumb\"},\"inLanguage\":\"pt-BR\",\"potentialAction\":[{\"@type\":\"ReadAction\",\"target\":[\"http:\/\/www.zoehdesenvolvimento.com.br\/site\/servicos\/coaching\/\"]}]},{\"@type\":\"BreadcrumbList\",\"@id\":\"http:\/\/www.zoehdesenvolvimento.com.br\/site\/servicos\/coaching\/#breadcrumb\",\"itemListElement\":[{\"@type\":\"ListItem\",\"position\":1,\"name\":\"In\u00edcio\",\"item\":\"http:\/\/www.zoehdesenvolvimento.com.br\/site\/\"},{\"@type\":\"ListItem\",\"position\":2,\"name\":\"Servi\u00e7os\",\"item\":\"http:\/\/www.zoehdesenvolvimento.com.br\/site\/servicos\/\"},{\"@type\":\"ListItem\",\"position\":3,\"name\":\"Coaching\"}]},{\"@type\":\"WebSite\",\"@id\":\"http:\/\/www.zoehdesenvolvimento.com.br\/site\/#website\",\"url\":\"http:\/\/www.zoehdesenvolvimento.com.br\/site\/\",\"name\":\"Zoeh Desenvolvimento de Pessoas\",\"description\":\"Desenvolvimento de Pessoas\",\"publisher\":{\"@id\":\"http:\/\/www.zoehdesenvolvimento.com.br\/site\/#organization\"},\"potentialAction\":[{\"@type\":\"SearchAction\",\"target\":{\"@type\":\"EntryPoint\",\"urlTemplate\":\"http:\/\/www.zoehdesenvolvimento.com.br\/site\/?s={search_term_string}\"},\"query-input\":{\"@type\":\"PropertyValueSpecification\",\"valueRequired\":true,\"valueName\":\"search_term_string\"}}],\"inLanguage\":\"pt-BR\"},{\"@type\":\"Organization\",\"@id\":\"http:\/\/www.zoehdesenvolvimento.com.br\/site\/#organization\",\"name\":\"Zoeh Desenvolvimento de Pessoas\",\"url\":\"http:\/\/www.zoehdesenvolvimento.com.br\/site\/\",\"logo\":{\"@type\":\"ImageObject\",\"inLanguage\":\"pt-BR\",\"@id\":\"http:\/\/www.zoehdesenvolvimento.com.br\/site\/#\/schema\/logo\/image\/\",\"url\":\"https:\/\/www.zoehdesenvolvimento.com.br\/site\/wp-content\/uploads\/2015\/10\/footer_logo.png\",\"contentUrl\":\"https:\/\/www.zoehdesenvolvimento.com.br\/site\/wp-content\/uploads\/2015\/10\/footer_logo.png\",\"width\":184,\"height\":120,\"caption\":\"Zoeh Desenvolvimento de Pessoas\"},\"image\":{\"@id\":\"http:\/\/www.zoehdesenvolvimento.com.br\/site\/#\/schema\/logo\/image\/\"}}]}<\/script>\n<!-- \/ Yoast SEO plugin. -->","yoast_head_json":{"title":"Coaching - Zoeh Desenvolvimento de Pessoas","robots":{"index":"index","follow":"follow","max-snippet":"max-snippet:-1","max-image-preview":"max-image-preview:large","max-video-preview":"max-video-preview:-1"},"canonical":"http:\/\/www.zoehdesenvolvimento.com.br\/site\/servicos\/coaching\/","og_locale":"pt_BR","og_type":"article","og_title":"Coaching - Zoeh Desenvolvimento de Pessoas","og_description":"Modalidades de coaching Coaching Executivo e Empresarial Processo de apoio individualizado para o desenvolvimento de compet\u00eancias ou mudan\u00e7as planejadas: a\u00e7\u00e3o destinada a suprir um gap de desempenho ou para efetivar um up-grade de performance profissional. Utiliza uma abordagem pragm\u00e1tica, com metas realiz\u00e1veis e mensur\u00e1veis, o que possibilita escolher novas dire\u00e7\u00f5es e adquirir novas habilidades, dentro [&hellip;]","og_url":"http:\/\/www.zoehdesenvolvimento.com.br\/site\/servicos\/coaching\/","og_site_name":"Zoeh Desenvolvimento de Pessoas","twitter_card":"summary_large_image","twitter_misc":{"Est. tempo de leitura":"2 minutos"},"schema":{"@context":"https:\/\/schema.org","@graph":[{"@type":"WebPage","@id":"http:\/\/www.zoehdesenvolvimento.com.br\/site\/servicos\/coaching\/","url":"http:\/\/www.zoehdesenvolvimento.com.br\/site\/servicos\/coaching\/","name":"Coaching - Zoeh Desenvolvimento de Pessoas","isPartOf":{"@id":"http:\/\/www.zoehdesenvolvimento.com.br\/site\/#website"},"datePublished":"2011-05-11T19:46:42+00:00","breadcrumb":{"@id":"http:\/\/www.zoehdesenvolvimento.com.br\/site\/servicos\/coaching\/#breadcrumb"},"inLanguage":"pt-BR","potentialAction":[{"@type":"ReadAction","target":["http:\/\/www.zoehdesenvolvimento.com.br\/site\/servicos\/coaching\/"]}]},{"@type":"BreadcrumbList","@id":"http:\/\/www.zoehdesenvolvimento.com.br\/site\/servicos\/coaching\/#breadcrumb","itemListElement":[{"@type":"ListItem","position":1,"name":"In\u00edcio","item":"http:\/\/www.zoehdesenvolvimento.com.br\/site\/"},{"@type":"ListItem","position":2,"name":"Servi\u00e7os","item":"http:\/\/www.zoehdesenvolvimento.com.br\/site\/servicos\/"},{"@type":"ListItem","position":3,"name":"Coaching"}]},{"@type":"WebSite","@id":"http:\/\/www.zoehdesenvolvimento.com.br\/site\/#website","url":"http:\/\/www.zoehdesenvolvimento.com.br\/site\/","name":"Zoeh Desenvolvimento de Pessoas","description":"Desenvolvimento de Pessoas","publisher":{"@id":"http:\/\/www.zoehdesenvolvimento.com.br\/site\/#organization"},"potentialAction":[{"@type":"SearchAction","target":{"@type":"EntryPoint","urlTemplate":"http:\/\/www.zoehdesenvolvimento.com.br\/site\/?s={search_term_string}"},"query-input":{"@type":"PropertyValueSpecification","valueRequired":true,"valueName":"search_term_string"}}],"inLanguage":"pt-BR"},{"@type":"Organization","@id":"http:\/\/www.zoehdesenvolvimento.com.br\/site\/#organization","name":"Zoeh Desenvolvimento de Pessoas","url":"http:\/\/www.zoehdesenvolvimento.com.br\/site\/","logo":{"@type":"ImageObject","inLanguage":"pt-BR","@id":"http:\/\/www.zoehdesenvolvimento.com.br\/site\/#\/schema\/logo\/image\/","url":"https:\/\/www.zoehdesenvolvimento.com.br\/site\/wp-content\/uploads\/2015\/10\/footer_logo.png","contentUrl":"https:\/\/www.zoehdesenvolvimento.com.br\/site\/wp-content\/uploads\/2015\/10\/footer_logo.png","width":184,"height":120,"caption":"Zoeh Desenvolvimento de Pessoas"},"image":{"@id":"http:\/\/www.zoehdesenvolvimento.com.br\/site\/#\/schema\/logo\/image\/"}}]}},"jetpack_sharing_enabled":true,"_links":{"self":[{"href":"https:\/\/www.zoehdesenvolvimento.com.br\/site\/wp-json\/wp\/v2\/pages\/42","targetHints":{"allow":["GET"]}}],"collection":[{"href":"https:\/\/www.zoehdesenvolvimento.com.br\/site\/wp-json\/wp\/v2\/pages"}],"about":[{"href":"https:\/\/www.zoehdesenvolvimento.com.br\/site\/wp-json\/wp\/v2\/types\/page"}],"author":[{"embeddable":true,"href":"https:\/\/www.zoehdesenvolvimento.com.br\/site\/wp-json\/wp\/v2\/users\/1"}],"replies":[{"embeddable":true,"href":"https:\/\/www.zoehdesenvolvimento.com.br\/site\/wp-json\/wp\/v2\/comments?post=42"}],"version-history":[{"count":0,"href":"https:\/\/www.zoehdesenvolvimento.com.br\/site\/wp-json\/wp\/v2\/pages\/42\/revisions"}],"up":[{"embeddable":true,"href":"https:\/\/www.zoehdesenvolvimento.com.br\/site\/wp-json\/wp\/v2\/pages\/471"}],"wp:attachment":[{"href":"https:\/\/www.zoehdesenvolvimento.com.br\/site\/wp-json\/wp\/v2\/media?parent=42"}],"curies":[{"name":"wp","href":"https:\/\/api.w.org\/{rel}","templated":true}]}}