{"id":49,"date":"2011-05-11T20:11:30","date_gmt":"2011-05-11T20:11:30","guid":{"rendered":"http:\/\/www.zoehdesenvolvimento.com.br\/site\/"},"modified":"2011-05-11T20:11:30","modified_gmt":"2011-05-11T20:11:30","slug":"sistema-de-avaliacao-hogan","status":"publish","type":"page","link":"https:\/\/www.zoehdesenvolvimento.com.br\/site\/servicos\/sistema-de-avaliacao-hogan\/","title":{"rendered":"Sistema de Avalia\u00e7\u00e3o Hogan \u00ae"},"content":{"rendered":"<p><img loading=\"lazy\" decoding=\"async\" class=\"size-full wp-image-79 alignright\" style=\"margin-top: -55px; margin-right: 260px; margin-bottom: 0px;\" title=\"Sistema de Avalia\u00e7\u00e3o Hogan\" src=\"http:\/\/www.zoehdesenvolvimento.com.br\/site\/wp-content\/uploads\/2011\/05\/hogan.jpg\" alt=\"Sistema de Avalia\u00e7\u00e3o Hogan\" width=\"35\" height=\"40\" \/><\/p>\n<h3 style=\"margin-top: 5px;\">S\u00e9ries Hogan DESENVOLVER e Hogan LIDERAR<\/h3>\n<p>O Sitema Hogan de Avalia\u00e7\u00e3o de Lideran\u00e7a \u00e9 indicado para o desenvolvimento de l\u00edderes, de equipe, de compet\u00eancias de lideran\u00e7a, processos de <em>coaching<\/em>, e para identificar e desenvolver futuros l\u00edderes.<\/p>\n<p>Oferece uma avalia\u00e7\u00e3o profunda das compet\u00eancias de lideran\u00e7a, dos potenciais descarriladores de carreira e dos motivadores e valores individuais.<\/p>\n<p>Os relat\u00f3rios do Sistema Hogan de Avalia\u00e7\u00e3o de Lideran\u00e7a ajudam os indiv\u00edduos a entender as bases de seu comportamento para seu auto-desenvolvimento, com recomenda\u00e7\u00f5es pr\u00e1ticas.<\/p>\n<h3>S\u00e9rie Hogan SELECIONAR &#8212; aplica\u00e7\u00e3o em Sele\u00e7\u00e3o e Integra\u00e7\u00e3o de Novos Colaboradores<\/h3>\n<p>Solu\u00e7\u00f5es integradas ao sistema e processo de sele\u00e7\u00e3o e integra\u00e7\u00e3o do cliente, para todos os n\u00edveis de cargos.<\/p>\n<p>Invent\u00e1rios de validade amplamente comprovada internacionalmente quanto \u00e0 gera\u00e7\u00e3o de resultados em melhoria de vendas, servi\u00e7os e desempenho em geral, redu\u00e7\u00e3o de <em>turnover<\/em>, absente\u00edsmo, dentre outros.<\/p>\n","protected":false},"excerpt":{"rendered":"...","protected":false},"author":1,"featured_media":0,"parent":471,"menu_order":9,"comment_status":"closed","ping_status":"closed","template":"","meta":{"footnotes":""},"class_list":["post-49","page","type-page","status-publish","hentry"],"yoast_head":"<!-- This site is optimized with the Yoast SEO plugin v25.2 - https:\/\/yoast.com\/wordpress\/plugins\/seo\/ -->\n<title>Sistema de Avalia\u00e7\u00e3o Hogan \u00ae - Zoeh Desenvolvimento de Pessoas<\/title>\n<meta name=\"robots\" content=\"index, follow, max-snippet:-1, max-image-preview:large, max-video-preview:-1\" \/>\n<link rel=\"canonical\" href=\"https:\/\/www.zoehdesenvolvimento.com.br\/site\/servicos\/sistema-de-avaliacao-hogan\/\" \/>\n<meta property=\"og:locale\" content=\"pt_BR\" \/>\n<meta property=\"og:type\" content=\"article\" \/>\n<meta property=\"og:title\" content=\"Sistema de Avalia\u00e7\u00e3o Hogan \u00ae - Zoeh Desenvolvimento de Pessoas\" \/>\n<meta property=\"og:description\" content=\"S\u00e9ries Hogan DESENVOLVER e Hogan LIDERAR O Sitema Hogan de Avalia\u00e7\u00e3o de Lideran\u00e7a \u00e9 indicado para o desenvolvimento de l\u00edderes, de equipe, de compet\u00eancias de lideran\u00e7a, processos de coaching, e para identificar e desenvolver futuros l\u00edderes. Oferece uma avalia\u00e7\u00e3o profunda das compet\u00eancias de lideran\u00e7a, dos potenciais descarriladores de carreira e dos motivadores e valores individuais. [&hellip;]\" \/>\n<meta property=\"og:url\" content=\"https:\/\/www.zoehdesenvolvimento.com.br\/site\/servicos\/sistema-de-avaliacao-hogan\/\" \/>\n<meta property=\"og:site_name\" content=\"Zoeh Desenvolvimento de Pessoas\" \/>\n<meta property=\"og:image\" content=\"http:\/\/www.zoehdesenvolvimento.com.br\/site\/wp-content\/uploads\/2011\/05\/hogan.jpg\" \/>\n<meta name=\"twitter:card\" content=\"summary_large_image\" \/>\n<meta name=\"twitter:label1\" content=\"Est. tempo de leitura\" \/>\n\t<meta name=\"twitter:data1\" content=\"1 minuto\" \/>\n<script type=\"application\/ld+json\" class=\"yoast-schema-graph\">{\"@context\":\"https:\/\/schema.org\",\"@graph\":[{\"@type\":\"WebPage\",\"@id\":\"https:\/\/www.zoehdesenvolvimento.com.br\/site\/servicos\/sistema-de-avaliacao-hogan\/\",\"url\":\"https:\/\/www.zoehdesenvolvimento.com.br\/site\/servicos\/sistema-de-avaliacao-hogan\/\",\"name\":\"Sistema de Avalia\u00e7\u00e3o Hogan \u00ae - Zoeh Desenvolvimento de Pessoas\",\"isPartOf\":{\"@id\":\"http:\/\/www.zoehdesenvolvimento.com.br\/site\/#website\"},\"primaryImageOfPage\":{\"@id\":\"https:\/\/www.zoehdesenvolvimento.com.br\/site\/servicos\/sistema-de-avaliacao-hogan\/#primaryimage\"},\"image\":{\"@id\":\"https:\/\/www.zoehdesenvolvimento.com.br\/site\/servicos\/sistema-de-avaliacao-hogan\/#primaryimage\"},\"thumbnailUrl\":\"http:\/\/www.zoehdesenvolvimento.com.br\/site\/wp-content\/uploads\/2011\/05\/hogan.jpg\",\"datePublished\":\"2011-05-11T20:11:30+00:00\",\"breadcrumb\":{\"@id\":\"https:\/\/www.zoehdesenvolvimento.com.br\/site\/servicos\/sistema-de-avaliacao-hogan\/#breadcrumb\"},\"inLanguage\":\"pt-BR\",\"potentialAction\":[{\"@type\":\"ReadAction\",\"target\":[\"https:\/\/www.zoehdesenvolvimento.com.br\/site\/servicos\/sistema-de-avaliacao-hogan\/\"]}]},{\"@type\":\"ImageObject\",\"inLanguage\":\"pt-BR\",\"@id\":\"https:\/\/www.zoehdesenvolvimento.com.br\/site\/servicos\/sistema-de-avaliacao-hogan\/#primaryimage\",\"url\":\"http:\/\/www.zoehdesenvolvimento.com.br\/site\/wp-content\/uploads\/2011\/05\/hogan.jpg\",\"contentUrl\":\"http:\/\/www.zoehdesenvolvimento.com.br\/site\/wp-content\/uploads\/2011\/05\/hogan.jpg\"},{\"@type\":\"BreadcrumbList\",\"@id\":\"https:\/\/www.zoehdesenvolvimento.com.br\/site\/servicos\/sistema-de-avaliacao-hogan\/#breadcrumb\",\"itemListElement\":[{\"@type\":\"ListItem\",\"position\":1,\"name\":\"In\u00edcio\",\"item\":\"http:\/\/www.zoehdesenvolvimento.com.br\/site\/\"},{\"@type\":\"ListItem\",\"position\":2,\"name\":\"Servi\u00e7os\",\"item\":\"http:\/\/www.zoehdesenvolvimento.com.br\/site\/servicos\/\"},{\"@type\":\"ListItem\",\"position\":3,\"name\":\"Sistema de Avalia\u00e7\u00e3o Hogan \u00ae\"}]},{\"@type\":\"WebSite\",\"@id\":\"http:\/\/www.zoehdesenvolvimento.com.br\/site\/#website\",\"url\":\"http:\/\/www.zoehdesenvolvimento.com.br\/site\/\",\"name\":\"Zoeh Desenvolvimento de Pessoas\",\"description\":\"Desenvolvimento de Pessoas\",\"publisher\":{\"@id\":\"http:\/\/www.zoehdesenvolvimento.com.br\/site\/#organization\"},\"potentialAction\":[{\"@type\":\"SearchAction\",\"target\":{\"@type\":\"EntryPoint\",\"urlTemplate\":\"http:\/\/www.zoehdesenvolvimento.com.br\/site\/?s={search_term_string}\"},\"query-input\":{\"@type\":\"PropertyValueSpecification\",\"valueRequired\":true,\"valueName\":\"search_term_string\"}}],\"inLanguage\":\"pt-BR\"},{\"@type\":\"Organization\",\"@id\":\"http:\/\/www.zoehdesenvolvimento.com.br\/site\/#organization\",\"name\":\"Zoeh Desenvolvimento de Pessoas\",\"url\":\"http:\/\/www.zoehdesenvolvimento.com.br\/site\/\",\"logo\":{\"@type\":\"ImageObject\",\"inLanguage\":\"pt-BR\",\"@id\":\"http:\/\/www.zoehdesenvolvimento.com.br\/site\/#\/schema\/logo\/image\/\",\"url\":\"https:\/\/www.zoehdesenvolvimento.com.br\/site\/wp-content\/uploads\/2015\/10\/footer_logo.png\",\"contentUrl\":\"https:\/\/www.zoehdesenvolvimento.com.br\/site\/wp-content\/uploads\/2015\/10\/footer_logo.png\",\"width\":184,\"height\":120,\"caption\":\"Zoeh Desenvolvimento de Pessoas\"},\"image\":{\"@id\":\"http:\/\/www.zoehdesenvolvimento.com.br\/site\/#\/schema\/logo\/image\/\"}}]}<\/script>\n<!-- \/ Yoast SEO plugin. -->","yoast_head_json":{"title":"Sistema de Avalia\u00e7\u00e3o Hogan \u00ae - Zoeh Desenvolvimento de Pessoas","robots":{"index":"index","follow":"follow","max-snippet":"max-snippet:-1","max-image-preview":"max-image-preview:large","max-video-preview":"max-video-preview:-1"},"canonical":"https:\/\/www.zoehdesenvolvimento.com.br\/site\/servicos\/sistema-de-avaliacao-hogan\/","og_locale":"pt_BR","og_type":"article","og_title":"Sistema de Avalia\u00e7\u00e3o Hogan \u00ae - Zoeh Desenvolvimento de Pessoas","og_description":"S\u00e9ries Hogan DESENVOLVER e Hogan LIDERAR O Sitema Hogan de Avalia\u00e7\u00e3o de Lideran\u00e7a \u00e9 indicado para o desenvolvimento de l\u00edderes, de equipe, de compet\u00eancias de lideran\u00e7a, processos de coaching, e para identificar e desenvolver futuros l\u00edderes. Oferece uma avalia\u00e7\u00e3o profunda das compet\u00eancias de lideran\u00e7a, dos potenciais descarriladores de carreira e dos motivadores e valores individuais. [&hellip;]","og_url":"https:\/\/www.zoehdesenvolvimento.com.br\/site\/servicos\/sistema-de-avaliacao-hogan\/","og_site_name":"Zoeh Desenvolvimento de Pessoas","og_image":[{"url":"http:\/\/www.zoehdesenvolvimento.com.br\/site\/wp-content\/uploads\/2011\/05\/hogan.jpg","type":"","width":"","height":""}],"twitter_card":"summary_large_image","twitter_misc":{"Est. tempo de leitura":"1 minuto"},"schema":{"@context":"https:\/\/schema.org","@graph":[{"@type":"WebPage","@id":"https:\/\/www.zoehdesenvolvimento.com.br\/site\/servicos\/sistema-de-avaliacao-hogan\/","url":"https:\/\/www.zoehdesenvolvimento.com.br\/site\/servicos\/sistema-de-avaliacao-hogan\/","name":"Sistema de Avalia\u00e7\u00e3o Hogan \u00ae - Zoeh Desenvolvimento de Pessoas","isPartOf":{"@id":"http:\/\/www.zoehdesenvolvimento.com.br\/site\/#website"},"primaryImageOfPage":{"@id":"https:\/\/www.zoehdesenvolvimento.com.br\/site\/servicos\/sistema-de-avaliacao-hogan\/#primaryimage"},"image":{"@id":"https:\/\/www.zoehdesenvolvimento.com.br\/site\/servicos\/sistema-de-avaliacao-hogan\/#primaryimage"},"thumbnailUrl":"http:\/\/www.zoehdesenvolvimento.com.br\/site\/wp-content\/uploads\/2011\/05\/hogan.jpg","datePublished":"2011-05-11T20:11:30+00:00","breadcrumb":{"@id":"https:\/\/www.zoehdesenvolvimento.com.br\/site\/servicos\/sistema-de-avaliacao-hogan\/#breadcrumb"},"inLanguage":"pt-BR","potentialAction":[{"@type":"ReadAction","target":["https:\/\/www.zoehdesenvolvimento.com.br\/site\/servicos\/sistema-de-avaliacao-hogan\/"]}]},{"@type":"ImageObject","inLanguage":"pt-BR","@id":"https:\/\/www.zoehdesenvolvimento.com.br\/site\/servicos\/sistema-de-avaliacao-hogan\/#primaryimage","url":"http:\/\/www.zoehdesenvolvimento.com.br\/site\/wp-content\/uploads\/2011\/05\/hogan.jpg","contentUrl":"http:\/\/www.zoehdesenvolvimento.com.br\/site\/wp-content\/uploads\/2011\/05\/hogan.jpg"},{"@type":"BreadcrumbList","@id":"https:\/\/www.zoehdesenvolvimento.com.br\/site\/servicos\/sistema-de-avaliacao-hogan\/#breadcrumb","itemListElement":[{"@type":"ListItem","position":1,"name":"In\u00edcio","item":"http:\/\/www.zoehdesenvolvimento.com.br\/site\/"},{"@type":"ListItem","position":2,"name":"Servi\u00e7os","item":"http:\/\/www.zoehdesenvolvimento.com.br\/site\/servicos\/"},{"@type":"ListItem","position":3,"name":"Sistema de Avalia\u00e7\u00e3o Hogan \u00ae"}]},{"@type":"WebSite","@id":"http:\/\/www.zoehdesenvolvimento.com.br\/site\/#website","url":"http:\/\/www.zoehdesenvolvimento.com.br\/site\/","name":"Zoeh Desenvolvimento de Pessoas","description":"Desenvolvimento de Pessoas","publisher":{"@id":"http:\/\/www.zoehdesenvolvimento.com.br\/site\/#organization"},"potentialAction":[{"@type":"SearchAction","target":{"@type":"EntryPoint","urlTemplate":"http:\/\/www.zoehdesenvolvimento.com.br\/site\/?s={search_term_string}"},"query-input":{"@type":"PropertyValueSpecification","valueRequired":true,"valueName":"search_term_string"}}],"inLanguage":"pt-BR"},{"@type":"Organization","@id":"http:\/\/www.zoehdesenvolvimento.com.br\/site\/#organization","name":"Zoeh Desenvolvimento de Pessoas","url":"http:\/\/www.zoehdesenvolvimento.com.br\/site\/","logo":{"@type":"ImageObject","inLanguage":"pt-BR","@id":"http:\/\/www.zoehdesenvolvimento.com.br\/site\/#\/schema\/logo\/image\/","url":"https:\/\/www.zoehdesenvolvimento.com.br\/site\/wp-content\/uploads\/2015\/10\/footer_logo.png","contentUrl":"https:\/\/www.zoehdesenvolvimento.com.br\/site\/wp-content\/uploads\/2015\/10\/footer_logo.png","width":184,"height":120,"caption":"Zoeh Desenvolvimento de Pessoas"},"image":{"@id":"http:\/\/www.zoehdesenvolvimento.com.br\/site\/#\/schema\/logo\/image\/"}}]}},"jetpack_sharing_enabled":true,"_links":{"self":[{"href":"https:\/\/www.zoehdesenvolvimento.com.br\/site\/wp-json\/wp\/v2\/pages\/49","targetHints":{"allow":["GET"]}}],"collection":[{"href":"https:\/\/www.zoehdesenvolvimento.com.br\/site\/wp-json\/wp\/v2\/pages"}],"about":[{"href":"https:\/\/www.zoehdesenvolvimento.com.br\/site\/wp-json\/wp\/v2\/types\/page"}],"author":[{"embeddable":true,"href":"https:\/\/www.zoehdesenvolvimento.com.br\/site\/wp-json\/wp\/v2\/users\/1"}],"replies":[{"embeddable":true,"href":"https:\/\/www.zoehdesenvolvimento.com.br\/site\/wp-json\/wp\/v2\/comments?post=49"}],"version-history":[{"count":0,"href":"https:\/\/www.zoehdesenvolvimento.com.br\/site\/wp-json\/wp\/v2\/pages\/49\/revisions"}],"up":[{"embeddable":true,"href":"https:\/\/www.zoehdesenvolvimento.com.br\/site\/wp-json\/wp\/v2\/pages\/471"}],"wp:attachment":[{"href":"https:\/\/www.zoehdesenvolvimento.com.br\/site\/wp-json\/wp\/v2\/media?parent=49"}],"curies":[{"name":"wp","href":"https:\/\/api.w.org\/{rel}","templated":true}]}}